
-1
What is the value of -144 + 151 + -17 + 1 - -12?
3
What is 20 - ((5 - 2 - (-4 + 3)) + 0)?
16
What is (18 - 17) + (10 - 7)?
4
What is 410 + -440 + -1 + -1?
-32
Calculate 0 + -1 + (6 - 3) + 7 + 1.
10
What is -26 - -37 - (3 - -1 - -2)?
5
What is -6 + (-10 - -8) - 4 - -1?
-11
Calculate -3 - -22 - (405 + -407).
21
(-10 - ((-6 - -5) + 8 - 6)) + -10
-21
Calculate 1 + -8 + 19 - 18.
-6
9 - (-17 - -2 - -32)
-8
Calculate (22 - (-5 + 4 + -7 + 15)) + -3.
12
Evaluate (-6 - -4) + (-48 - -39).
-11
-18 - ((7 - 19) + (23 - 4))
-25
Evaluate 0 + 3 - -1 - (-4 + 13).
-5
Calculate 377 - 387 - ((4 - (0 + -3)) + -1).
-16
What is the value of -54 + (-12 - -74) - (5 + (-2 - 0))?
5
-23 + (46 - 14 - -3)
12
Evaluate 101 - 119 - (5 - (5 + 5)).
-13
(274 - 278) + -3 + 1
-6
(-5 - -23) + -3 - (8 - (0 + 0))
7
What is the value of 6 + -30 + 21 - -21?
18
What is the value of -2 + -11 + (-2 - (14 - 30))?
1
What is 57 + -69 - (-1 - -4 - 12)?
-3
Evaluate (1 - -3) + -11 - (-17 + 8 - -11).
-9
What is (9 - -8 - 14) + 2 + 1 - 21?
-15
What is the value of -1 + (4 + 3 - (-7 - -13))?
0
Calculate (-10 - (8 - 18)) + 8 - (-1 - -5).
4
Calculate 9 - (4 - 2) - (-8 + 1 + -2).
16
(9 + -6 - -15) + -4
14
Calculate 6 + (-1 + -8 - (92 + -78)).
-17
Evaluate -3 + 2 + (-9 - 6) + -1 + 3.
-14
What is 2 + (-2 - 11 - -10)?
-1
Calculate -2 + -11 + 6 + 9 + -2.
0
-7 + (-8 + 25 - -11)
21
Calculate 14 - ((30 - 37) + 1 + 4).
16
What is -8 - (11 - (6 + 6 + 5 + -14))?
-16
Calculate -6 + -1 + (-1 - -15 - (-31 + 40)).
-2
What is the value of (-10 - -2) + (2 - (-6 + -11)) - 3?
8
Evaluate (-111 - -85) + (-4 + 5 - -5).
-20
Evaluate 2 - -4 - (-307 + 293).
20
(3 - -9) + 8 + -10 + (4 - -7)
21
What is -2 + 10 + -7 + 3 - 1?
3
(-1 - -3) + -1 + 6 + (128 - 124)
11
(-751 - -779) + (-29 - -2)
1
What is the value of 7 + (0 - 2) - ((13 - -14) + -18)?
-4
-21 - (-98 - -83 - (0 + -15))
-21
What is (20 - 10) + -6 - (31 - 22)?
-5
Evaluate (4 - (3 + -3)) + (1 - 1) + -4.
0
(-140 - -150 - (2 - -1)) + 2 + -9
0
What is the value of -1 - (-1 + (-2 - 0)) - (145 + -150)?
7
Calculate 169 + -161 - (-3 + 26).
-15
Calculate -24 + (9 - 4) + -18 + 10.
-27
What is (-20 - -29) + (-20 - -1)?
-10
What is the value of (25 - -1) + 120 + -113?
33
Calculate -7 + (4 - (-8 + (12 - (4 - -3)))).
0
Evaluate 2 + -1 - ((-22 - -6) + 6 - -7).
4
Evaluate (10 - 1 - (-88 + 25 - -35)) + -4.
33
14 - (-8 - (-18 - (6 - 15)))
13
What is (-32 - -22 - (-1 + -7 + 1)) + 34?
31
Calculate (-14 - 0) + (0 + (-9 - -16) - 9).
-16
Calculate (8 + -1 + -4 - 3) + 0 - 7.
-7
(6 - 3) + (-3 - 2) + 143 + -162
-21
What is the value of (-9 - -17) + 0 + -7 + 9?
10
What is the value of -20 + (-27 - (29 + -40))?
-36
8 + (-42 - (0 + 1 + -12))
-23
-20 + -8 + 40 + -35
-23
(13 - 0) + (-220 - -205)
-2
(16 - 9 - 15) + -1 + -1
-10
What is the value of 20 + (-28 - (-12 - 2))?
6
What is the value of (53 - 52 - (1 + -2 + 3)) + -9?
-10
(-10 - -9) + 1 + -7
-7
What is (-1 - (3 + 0 + 1)) + (66 - 55)?
6
Evaluate -9 + (-3 - 0) - (-288 - -291).
-15
What is (-17 - (-13 - -8)) + 6?
-6
Calculate -3 - (0 + (15 - 8) + 0).
-10
What is the value of 35 - (-2 + 49 - 40)?
28
What is the value of 3 + -30 + 2 - (-164 - -169)?
-30
What is the value of 315 + -319 - (12 + -36 + -2 + 1)?
21
Calculate (-3 - -1 - (5 + -7)) + 71 + -67.
4
What is 15 - (11 + 0 + (9 + -7 - 16))?
18
Calculate -10 + 1 + (25 - (9 - (24 + -18))).
13
Evaluate (-6 - -3) + -8 + -14 + 4 + -3.
-24
What is the value of 0 - (5 + -11 + 6 + -1)?
1
Calculate 20 - -5 - (-6 + 47).
-16
Calculate -17 + (-27 + 21 - -42).
19
What is -14 + (9 + 9 - 11)?
-7
Evaluate -10 - (-4 + (3 + -4 - (-2 - 7))).
-14
Evaluate 13 - (-1 - 1) - (-3 - 26 - -34).
10
What is 100 + -116 + 3 + 5?
-8
What is -65 + 135 - 105 - (1 + -3)?
-33
What is 17 + (-4 + 42 - 16)?
39
Calculate -2 - (1 + -1 - (-8 + 26 + -17)).
-1
Evaluate 136 + -121 - (15 + 4).
-4
What is the value of 18 + -14 + 10 + (0 - 11)?
3
Evaluate -23 - (-11 + -14 + 6).
-4
Calculate 33 + -47 + -9 - -1.
-22
(17 + -10 - -7) + -10
4
What is the value of 9 - 0 - (-81 + 86) - 8?
-4
What is the value of -4 + (-7 - (-9 + -1)) + -12?
-13
Calculate 64 + -58 - (34 + -2) - -11.
-15
What is the value of 197 + -208 + (-2 + 3 - -3)?
-7
Evaluate -6 - (-10 + (8 - (5 + 4))).
5
What is the value of -5 + -1 - (-5 + -9 + 13)?
-5
Evaluate (7 - 0) + (-52 - -43) + 0.
-2
What is the value of 11 + -28 + (14 - (0 - -11))?
-14
Evaluate -5 + 0 + (5 - (7 - 4)) + 4.
1
(15 - 4 - -4) + (-8 - 0)
7
What is -33 + (14 - (-7 + -4 + 17))?
-25
What is -11 + 0 + (-1 - 2) + 4 + -8?
-18
What is -14 + -13 + 26 - 2?
-3
Evaluate 75 + -57 - (-10 + 54).
-26
Evaluate 15 + (-36 - (3 - 19)).
-5
Evaluate (-18 - -38) + -14 + (2 + -4 - -4).
8
Calculate (-4 - -7) + (15 - 8) + -4.
6
Evaluate 27 + -13 - 5 - (-7 + -2).
18
What is 3 - (-18 - (-22 - -14))?
13
Calculate -1 + -4 + -2 + -55 + 45 + -3.
-20
Evaluate (3 - (0 - -4)) + 7 + -5 + 8.
9
What is (-1 - (-5 - (-4 + -1))) + -14?
-15
Calculate (-462 - -450) + 20 + -1.
7
What is the value of (-67 + 97 - 46) + 16 + -1?
-1
Evaluate (16 - 3) + -15 - 10.
-12
(32 - 29) + (3 - 1) + -7
-2
What is the value of 3 - (0 + -17 + 9 - -8)?
3
Calculate (1 - 16) + (204 - 198).
-9
What is (1 - 21) + 8 - -22?
10
What is the value of (1 + 0 - 0) + (42 - 55)?
-12
Calculate 2 + -5 - -6 - (0 + -3).
6
What is 1 + (-1 - 15) + (8 - (-14 + 24))?
-17
What is 9 - (-12 - (-8 - (1 - -6) - -4))?
10
9 + (2 - 1) - (-5 - (-9 - 2))
4
Calculate (-33 - 0) + 19 + -1 + -5.
-20
What is the value of (-19 + 0 - (2 + -2)) + (92 - 86)?
-13
(-3 - -12) + -24 + (11 - 2)
-6
What is the value of -33 + 44 + -22 - (-6 - 14)?
9
Calculate 3 + (-11 + 1 - -10) - -4.
7
What is the value of (28 - (66 - 35)) + 0 + 19?
16
What is the value of 78 - 60 - (5 - (-6 + 4))?
11
3 - (4 + (0 - (9 + -4))) - 1
3
What is -10 + 16 + (-1 - -9) - 7?
7
What is -2 + 9 + 3 + (5 - 3)?
12
11 + -56 + 33 - (0 - 8 - 0)
-4
(15 - 10) + -9 + -2
-6
Calculate 0 + (-1 - 5) + 4 - -8.
6
What is the value of -18 + (-1 + 8 - 5) + -3 + 1?
-18
What is 12 - 2 - (-82 - -84) - (-11 + 1)?
18
What is 10 + 2 + (0 - 5) + (61 - 50)?
18
Evaluate 31 + (8 - 61) + 37.
15
Calculate 20 + 40 + -19 + -5.
36
((4 - 9) + -3 - -8) + -1
-1
What is 0 + -1 + (-16 + 20 - 12) - -31?
22
What is the value of (31 - (3 - 0)) + (596 - 589)?
35
Evaluate -60 + 67 - (1 - -30 - (8 + -7)).
-23
Evaluate -2 + 0 + (-10 + 21 - 10) - -1.
0
What is 8 - (20 + -9) - 21?
-24
What is the value of (-3 - -9 - (2 + 3)) + 3 + -5?
-1
Evaluate -40 - (16 - (14 - -25)).
-17
385 + -365 + 0 + -14
6
What is the value of -18 - (23 - 37 - -15)?
-19
Calculate 1 + 0 + -3 + 9 + -14 + 10.
3
What is the value of -11 + 2 + 4 + (18 - 22)?
-9
What is 6 + -6 + -1 - -11?
10
Calculate 1 + 3 + 21 + -9 + -20 + 3.
-1
12 - (35 + -9 + -6) - -26
18
(14 - -3) + -20 + (15 - 1) + -5
6
What is the value of -17 + 10 + -7 + -21 - (-1 + -5)?
-29
What is (-18 - -28) + (-13 - 4)?
-7
(12 - (-7 + 14)) + -11
-6
What is the value of (-2 - 0) + (-18 - -12 - -3) + 8?
3
Evaluate 13 + (-47 - -10 - (-8 + 1)).
-17
6 + 6 + -2 + -8
2
Evaluate -11 + 19 + -11 - ((2 - -5) + -1).
-9
6 - (-7 + 0 - ((2 - -8) + -15))
8
What is 11 + 4 + 11 - 12?
14
What is the value of -1 + 0 - (65 + -78 + 22 + -1)?
-9
Calculate -6 - (-3 - (7 + -6 + 1)).
-1
Calculate (-4 - 2 - -4 - 5) + -3 + 3.
-7
What is 14 + -12 + 8 + -10 + 3?
3
What is the value of 10 + (-11 - -16) - 24 - (-3 + 1)?
-7
What is -22 + 43 + -14 - (-2 - -17)?
-8
What is the value of (-6 + 14 - -23) + -8 + 9?
32
-1 - (15 - (7 - 9) - -2)
-20
(-9 - 3) + 9 + -3 + -10
-16
What is -10 - (-7 - (2 - 7))?
-8
What is (-2 - -11) + 2 + -2 - (-1 + 7)?
3
4 + -3 + 1 + (-8 - (69 - 82))
7
Evaluate -3 + 7 + -10 - (-11 - -8).
-3
Calculate (19 + -17 - 2) + (3 - -4).
7
What is 7 + -1 + -17 + 0 + 17 + -10?
-4
What is (10 - 1) + (12 - 33) - -6?
-6
10 - ((27 - 43) + 13 + 1 + -5)
17
3 + -19 + -14 + 14
-16
What is the value of -14 + (-3 - (-34 - -16))?
1
Evaluate -8 + (-37 - (44 + -74)).
-15
-22 - (-22 - -9) - -18
9
Calculate 3 + -20 - (-53 - (8 + -22)).
22
Calculate -5 + 2 + 3 + 4.
4
What is the value of -4 - (3 - (-8 - -14)) - -18 - 5?
12
148 + -146 + (0 - -5) - (-3 - -2)
8
7 - (-2 + (-8 + 5 - 3) - 1)
16
Evaluate 26 + -24 + (-9 + 3 - (0 + 2)).
-6
2 - (0 - -10 - (-12 + 10 + 9))
-1
Calculate 1 + (0 - 5 - 7) - -1.
-10
What is -18 + (-11 - -3 - -20) - (-1 + -10)?
5
Calculate -5 + (0 - (11 + -23 + 10)).
-3
Evaluat